{"id":5058,"date":"2024-10-11T05:00:51","date_gmt":"2024-10-11T05:00:51","guid":{"rendered":"https:\/\/homebyvm.com\/produktas\/fotel-dubaj-geo-podnozek\/"},"modified":"2024-12-23T13:30:46","modified_gmt":"2024-12-23T13:30:46","slug":"fotel-dubaj-geo-podnozek","status":"publish","type":"product","link":"https:\/\/homebyvm.com\/lt\/produktas\/fotel-dubaj-geo-podnozek\/","title":{"rendered":"Dubajus Geo fotelis + atramos kojoms"},"content":{"rendered":"<p>Pufas, fotelis su atramomis kojoms - puikus funkcionalumo, stiliaus ir patogumo derinys. Tai madingas ir modernus baldas.<br \/>\nPagrindin\u0117s produkto savyb\u0117s:<\/p>\n<p>Lengva prie\u017ei\u016bra: Med\u017eiag\u0105 galima skalbti skalbykl\u0117je 30\u00b0 temperat\u016broje ir lyginti, tod\u0117l k\u0117d\u0117 ilgai i\u0161liks puikios b\u016bkl\u0117s.<br \/>\nEstetin\u0117 apdaila: K\u0117d\u0117s eleganti\u0161kum\u0105 ir modern\u0173 stili\u0173 sustiprina gra\u017e\u016bs vamzdeliai.<br \/>\nAuk\u0161\u010diausios kokyb\u0117s audinys: D\u0117l to fotelis tinka ir patalpoje, ir terasoje.<br \/>\nPatogus naudojimas: K\u0117d\u0117, pufas turi patog\u0173 atlo\u0161\u0105, papildomai \u012frengta atrama kojoms. Abu pufai u\u017epildyti polistireno granul\u0117mis, be kieto karkaso.<br \/>\nUniversalus: tinka ir vaikams, ir suaugusiesiems, u\u017etikrina komfort\u0105 nepriklausomai nuo am\u017eiaus. Galima naudoti ir gyvenamosiose patalpose, ir terasose.<br \/>\nTvirta konstrukcija: sustiprintos si\u016bl\u0117s u\u017etikrina ilgaam\u017ei\u0161kum\u0105 net ir intensyviai naudojant.<br \/>\nGra\u017ei spalv\u0173 gama: d\u0117l senovin\u0117s palet\u0117s fotelis tinka prie \u012fvairi\u0173 kambari\u0173 ir interjero.<br \/>\nModuliarumas: j\u012f galima derinti su kitais GEO kolekcijos pufais ir sukurti vientis\u0105 ir patraukl\u0173 komplekt\u0105. Kolekcij\u0105 sudaro: \"Cubo Geo\" pufas, \"Nila Geo\" pufas ir \"Geo\" pagalv\u0117l\u0117s.<\/p>\n<p>\u00a0\u00a0<br \/>\nKoj\u0173 atramos matmenys:<\/p>\n<p>Auk\u0161tis:<br \/>\n35 cm<\/p>\n<p>Plotis:<br \/>\n65 cm<\/p>\n<p>Pagrindas (ilgis)<br \/>\n50 cm<\/p>\n<p>Talpa<br \/>\n120 l<\/p>\n<p>\u00a0<br \/>\n\u00a0<\/p>","protected":false},"excerpt":{"rendered":"<p>Pufa, fotel z podn\u00f3\u017ckiem to idealne po\u0142\u0105czenie funkcjonalno\u015bci, stylu i wygody. Modny i nowoczesny mebel. G\u0142\u00f3wne cechy produktu: \u0141atwo\u015b\u0107 w piel\u0119gnacji: Materia\u0142, kt\u00f3ry mo\u017cna pra\u0107 w pralce w temperaturze 30\u00b0 oraz prasowa\u0107, co zapewnia utrzymanie fotela w doskona\u0142ym stanie przez d\u0142ugi czas. Estetyczne wyko\u0144czenie: Pi\u0119kna lam\u00f3wka podkre\u015bla elegancj\u0119 i nowoczesny styl fotela. Najwy\u017csza jako\u015b\u0107 materia\u0142u: [&hellip;]<\/p>\n","protected":false},"featured_media":5059,"comment_status":"closed","ping_status":"open","template":"","meta":{"_kad_blocks_custom_css":"","_kad_blocks_head_custom_js":"","_kad_blocks_body_custom_js":"","_kad_blocks_footer_custom_js":""},"product_brand":[],"product_cat":[30],"product_tag":[],"class_list":{"0":"post-5058","1":"product","2":"type-product","3":"status-publish","4":"has-post-thumbnail","6":"product_cat-fotele","7":"wcpa_has_options","9":"first","10":"instock","11":"purchasable","12":"product-type-simple"},"taxonomy_info":{"product_cat":[{"value":30,"label":"Fotele"}]},"featured_image_src_large":["https:\/\/homebyvm.com\/wp-content\/uploads\/2024\/10\/export-2-1024x1024.jpg",1024,1024,true],"author_info":[],"comment_info":0,"_links":{"self":[{"href":"https:\/\/homebyvm.com\/lt\/wp-json\/wp\/v2\/product\/5058","targetHints":{"allow":["GET"]}}],"collection":[{"href":"https:\/\/homebyvm.com\/lt\/wp-json\/wp\/v2\/product"}],"about":[{"href":"https:\/\/homebyvm.com\/lt\/wp-json\/wp\/v2\/types\/product"}],"replies":[{"embeddable":true,"href":"https:\/\/homebyvm.com\/lt\/wp-json\/wp\/v2\/comments?post=5058"}],"wp:featuredmedia":[{"embeddable":true,"href":"https:\/\/homebyvm.com\/lt\/wp-json\/wp\/v2\/media\/5059"}],"wp:attachment":[{"href":"https:\/\/homebyvm.com\/lt\/wp-json\/wp\/v2\/media?parent=5058"}],"wp:term":[{"taxonomy":"product_brand","embeddable":true,"href":"https:\/\/homebyvm.com\/lt\/wp-json\/wp\/v2\/product_brand?post=5058"},{"taxonomy":"product_cat","embeddable":true,"href":"https:\/\/homebyvm.com\/lt\/wp-json\/wp\/v2\/product_cat?post=5058"},{"taxonomy":"product_tag","embeddable":true,"href":"https:\/\/homebyvm.com\/lt\/wp-json\/wp\/v2\/product_tag?post=5058"}],"curies":[{"name":"wp","href":"https:\/\/api.w.org\/{rel}","templated":true}]}}

<p>Pufas, fotelis su atramomis kojoms - puikus funkcionalumo, stiliaus ir patogumo derinys. Tai madingas ir modernus baldas.<br />
Pagrindinės produkto savybės:</p>
<p>Lengva priežiūra: Medžiagą galima skalbti skalbyklėje 30° temperatūroje ir lyginti, todėl kėdė ilgai išliks puikios būklės.<br />
Estetinė apdaila: Kėdės elegantiškumą ir modernų stilių sustiprina gražūs vamzdeliai.<br />
Aukščiausios kokybės audinys: Dėl to fotelis tinka ir patalpoje, ir terasoje.<br />
Patogus naudojimas: Kėdė, pufas turi patogų atlošą, papildomai įrengta atrama kojoms. Abu pufai užpildyti polistireno granulėmis, be kieto karkaso.<br />
Universalus: tinka ir vaikams, ir suaugusiesiems, užtikrina komfortą nepriklausomai nuo amžiaus. Galima naudoti ir gyvenamosiose patalpose, ir terasose.<br />
Tvirta konstrukcija: sustiprintos siūlės užtikrina ilgaamžiškumą net ir intensyviai naudojant.<br />
Graži spalvų gama: dėl senovinės paletės fotelis tinka prie įvairių kambarių ir interjero.<br />
Moduliarumas: jį galima derinti su kitais GEO kolekcijos pufais ir sukurti vientisą ir patrauklų komplektą. Kolekciją sudaro: "Cubo Geo" pufas, "Nila Geo" pufas ir "Geo" pagalvėlės.</p>
<p>  <br />
Kojų atramos matmenys:</p>
<p>Aukštis:<br />
35 cm</p>
<p>Plotis:<br />
65 cm</p>
<p>Pagrindas (ilgis)<br />
50 cm</p>
<p>Talpa<br />
120 l</p>
<p> <br />
 </p>

<p>Pufa, fotel z podnóżkiem to idealne połączenie funkcjonalności, stylu i wygody. Modny i nowoczesny mebel. Główne cechy produktu: Łatwość w pielęgnacji: Materiał, który można prać w pralce w temperaturze 30° oraz prasować, co zapewnia utrzymanie fotela w doskonałym stanie przez długi czas. Estetyczne wykończenie: Piękna lamówka podkreśla elegancję i nowoczesny styl fotela. Najwyższa jakość materiału: [&hellip;]</p>
